ime number?
True
Is 125483 a prime number?
False
Is 2939 composite?
False
Is 54737 composite?
True
Is 58477 composite?
False
Is 98594 a composite number?
True
Is 34313 prime?
True
Is 6731 a prime number?
False
Is 17123 a prime number?
True
Is 1151 composite?
False
Is 3445589 prime?
False
Is 27959 a prime number?
False
Is 56039 prime?
True
Is 7297 a prime number?
True
Is 12539 composite?
False
Is 427151 composite?
False
Is 9773 a composite number?
True
Is 907 a composite number?
False
Is 14837 composite?
True
Is 21313 prime?
True
Is 1200863 a prime number?
False
Is 142661 composite?
True
Is 7607 a composite number?
False
Is 282349 a composite number?
False
Is 819023 a prime number?
False
Is 81727 a composite number?
False
Is 350711 a prime number?
True
Is 21269 prime?
True
Is 1622453 prime?
False
Is 28115 composite?
True
Is 566687 composite?
True
Is 5452781 prime?
True
Is 76597 a composite number?
False
Is 470993 composite?
False
Is 73543 composite?
True
Is 7417 composite?
False
Is 13327 a composite number?
False
Is 503733 composite?
True
Is 4553 a composite number?
True
Is 6731 a prime number?
False
Is 3449 composite?
False
Is 160063 prime?
False
Is 24431 a composite number?
True
Is 1340147 prime?
False
Is 11038 a composite number?
True
Is 15193 a prime number?
True
Is 18949 prime?
False
Is 62747 prime?
False
Is 1112587 prime?
False
Is 5201 a composite number?
True
Is 8941 a prime number?
True
Is 151773 composite?
True
Is 34717 prime?
False
Is 562 a composite number?
True
Is 9383 prime?
False
Is 13367 a composite number?
False
Is 174851 composite?
False
Is 16493 a composite number?
False
Is 8467 a prime number?
True
Is 1847 prime?
True
Is 283031 composite?
True
Is 667 prime?
False
Is 21467 prime?
True
Is 1629163 prime?
True
Is 32401 a prime number?
True
Is 5303 a prime number?
True
Is 9199 a composite number?
False
Is 2999 composite?
False
Is 4394267 a prime number?
True
Is 18355 prime?
False
Is 641 a composite number?
False
Is 10679 composite?
True
Is 262489 a composite number?
False
Is 334858 a composite number?
True
Is 40193 composite?
False
Is 240319 a composite number?
False
Is 29299 composite?
True
Is 858085 prime?
False
Is 272563 prime?
True
Is 2636261 a prime number?
True
Is 450427 prime?
False
Is 23147 composite?
True
Is 156053 a prime number?
False
Is 6421 a composite number?
False
Is 65437 a composite number?
False
Is 50191 a composite number?
True
Is 1759 prime?
True
Is 114482 a prime number?
False
Is 399449 composite?
True
Is 44989 a prime number?
False
Is 12895 prime?
False
Is 23729 composite?
True
Is 1711 a prime number?
False
Is 24569 a prime number?
False
Is 3511 a composite number?
False
Is 854779 a prime number?
False
Is 6982 a composite number?
True
Is 83081 prime?
False
Is 12437 a composite number?
False
Is 1347851 a prime number?
False
Is 97391 composite?
True
Is 6599 composite?
False
Is 123295 prime?
False
Is 80378 composite?
True
Is 2871103 prime?
False
Is 11579 composite?
False
Is 201731 a prime number?
True
Is 145531 a composite number?
False
Is 36773 prime?
False
Is 7393 composite?
False
Is 503429 a composite number?
True
Is 53107 a prime number?
False
Is 1559 prime?
True
Is 15859 prime?
True
Is 64585 prime?
False
Is 319027 composite?
False
Is 1099 composite?
True
Is 14941 prime?
False
Is 866253 a composite number?
True
Is 119594 a composite number?
True
Is 18287 composite?
False
Is 14321 prime?
True
Is 28349 a composite number?
False
Is 248081 prime?
False
Is 1979 a prime number?
True
Is 146635 a composite number?
True
Is 306043 composite?
True
Is 4042601 a prime number?
True
Is 41867 composite?
True
Is 27767 composite?
False
Is 2927 a composite number?
False
Is 62494 composite?
True
Is 51583 prime?
False
Is 522985 composite?
True
Is 285823 a prime number?
True
Is 2629 a composite number?
True
Is 1523 a prime number?
True
Is 1186 composite?
True
Is 12151 a composite number?
True
Is 193253 a prime number?
False
Is 232801 a prime number?
True
Is 2177 composite?
True
Is 1136579 prime?
True
Is 19511 a prime number?
False
Is 417707 prime?
False
Is 517817 a composite number?
False
Is 7831 composite?
True
Is 741841 composite?
True
Is 259991 a composite number?
False
Is 11369 composite?
False
Is 152371 a prime number?
False
Is 22177 prime?
False
Is 187273 a prime number?
True
Is 45131 composite?
False
Is 7355 prime?
False
Is 28501 composite?
True
Is 382963 prime?
False
Is 8782 composite?
True
Is 74267 prime?
False
Is 1799 a prime number?
False
Is 24547 a prime number?
True
Is 450929 composite?
False
Is 80893 prime?
False
Is 207395 a prime number?
False
Is 1559 a prime number?
True
Is 6959 a prime number?
True
Is 1015277 a composite number?
False
Is 120755 prime?
False
Is 4861 a composite number?
False
Is 316363 a prime number?
True
Is 84701 a composite number?
False
Is 148141 a prime number?
False
Is 9235 a prime number?
False
Is 162649 composite?
False
Is 179749 prime?
True
Is 178043 prime?
False
Is 35147 a prime number?
False
Is 62639 a prime number?
True
Is 161485 prime?
False
Is 175871 prime?
False
Is 68743 prime?
True
Is 125563 a prime number?
False
Is 30755 a prime number?
False
Is 125501 a prime number?
False
Is 331334 prime?
False
Is 3247 a prime number?
False
Is 38953 composite?
False
Is 253 a prime number?
False
Is 114857 prime?
False
Is 179563 a composite number?
False
Is 2721 prime?
False
Is 7177 a composite number?
False
Is 7507 composite?
False
Is 982741 composite?
False
Is 10661 a prime number?
False
Is 802763 composite?
True
Is 634127 prime?
False
Is 1819399 a prime number?
False
Is 442961 a prime number?
True
Is 6671 a prime number?
False
Is 908015 a prime number?
False
Is 157163 prime?
True
Is 269603 prime?
False
Is 182851 a composite number?
False
Is 20469 a prime number?
False
Is 639741 composite?
True
Is 31549 composite?
True
Is 655 prime?
False
Is 34197 composite?
True
Is 4083 prime?
False
Is 28907 composite?
True
Is 14941 a prime number?
False
Is 97667 a composite number?
True
Is 24199 prime?
False
Is 14939 a composite number?
False
Is 377 composite?
True
Is 507009 a composite number?
True
Is 3109 composite?
False
Is 58574 composite?
True
Is 112899 prime?
False
Is 79301 composite?
False
Is 1022299 a composite number?
True
Is 115 composite?
True
Is 570217 a composite number?
False
Is 1609403 prime?
True
Is 10883 composite?
False
Is 552839 composite?
True
Is 8641 a composite number?
False
Is 87807 prime?
False
Is 11179 a composite number?
True
Is 819437 composite?
False
Is 323573 a prime number?
False
Is 9865 a composite number?
True
Is 119881 a prime number?
True
Is 4937 prime?
True
Is 86711 composite?
False
Is 586 composite?
True
Is 9863 a prime number?
False
Is 90049 a prime number?
False
Is 1831 a composite number?
False
Is 14453 a composite number?
True
Is 41491 a composite number?
False
Is 866867 a composite number?
True
Is 1420009 prime?
True
Is 19001 composite?
False
Is 12187 composite?
True
Is 2657 composite?
False
Is 169817 composite?
False
Is 352577 composite?
True
Is 26749 prime?
False
Is 41669 prime?
True
Is 40423 a prime number?
True
Is 223 a composite number?
False
Is 115574 prime?
False
Is 44867 prime?
True
Is 25733 a prime number?
True
Is 738721 a prime number?
True
Is 125987 a composite number?
True
Is 3137 a composite number?
False
Is 15013 prime?
True
Is 898607 prime?
True
Is 10243 prime?
True
Is 142339 a prime number?
False
Is 41843 a composite number?
False
Is 105167 a composite number?
False
Is 63641 composite?
True
Is 134083 a composite number?
True
Is 202571 a composite number?
True
Is 194309 composite?
False
Is 171061 prime?
False
Is 14107 a prime number?
True
Is 740305 a composite number?
True
Is 3907 a composite number?
False
Is 242315 a prime number?
False
Is 8299411 prime?
True
Is 38113 prime?
True
Is 73637 a composite number?
False
Is 11197 a prime number?
True
Is 91 composite?
True
Is 81517 a prime number?
True
Is 12643 a prime number?
False
Is 361709 composite?
True
Is 256279 a composite number?
False
Is 7723 a composite number?
False
Is 243095 prime?
False
Is 38495 composite?
True
Is 4583 a prime number?
True
Is 634281 a prime number?
False
Is 57371 prime?
False
Is 3505 a composite number?
True
Is 4393 a prime number?
False
Is 35027 a composite number?
False
Is 794